 be (-2)/4 + 5 + (-9362)/4. Let h = m + 8307. Is h a composite number?
True
Suppose p - 17485 = -4*p. Is p composite?
True
Is 3837 - (54/135)/((-2)/(-30)) a prime number?
False
Let n(f) = f - 1. Let r be n(6). Suppose 4*o = 4*d + 424 - 2100, -2091 = -r*d + 4*o. Is d composite?
True
Suppose 7*p = -26*p + 130581. Is p a composite number?
True
Suppose -3*g + 2*g = 0. Suppose g = -11*i + 10*i + 865. Is i prime?
False
Let f be 0 + 1 - (0 + 25). Let w(h) = -h**3 - 16*h**2 - 18*h - 29. Let n be w(-15). Is (-754)/(-4) + f/n a composite number?
True
Let z(d) = d**3 - 8*d**2 - d + 1. Let u be z(8). Let p(b) = -20*b - 21. Is p(u) prime?
False
Let v(t) = 4219*t - 33. Is v(4) prime?
True
Let n = -39851 + 63592. Is n prime?
True
Let u be (-18)/(-6)*(-21)/(-9). Let q(h) = 3*h + 16. Is q(u) composite?
False
Let j = -9 + 12. Let f be 5 - j - (-4 + 9). Is 8/24 + (-1022)/f composite?
True
Let c = 110 + 2963. Is c a prime number?
False
Let b(x) = -x - 7. Let f be b(-5). Is (-46255)/(-95) + f/(-19) a composite number?
False
Suppose -1105 + 17399 = 2*v. Is v prime?
True
Suppose -3*d = 3*k - 21, -2*d - 2*d + 4*k = 12. Suppose 3*n - 15565 = -5*f - n, -d*n = -f + 3113. Is f a prime number?
False
Is 949 + (-7)/((-21)/15) - -1 a composite number?
True
Is (-28)/392 + 350883/14 prime?
False
Let h(z) = 1019*z - 8. Is h(5) prime?
True
Suppose 5*b = 10, -25 - 18 = -5*l + b. Suppose -4*k + l = 1, -4*r + 5*k + 2674 = 0. Is r a prime number?
False
Let z(b) = 21*b**2 - 4*b - 3. Let u(d) = d**2 - d - 1. Let k(x) = -x - 7. Let m be k(-5). Let o(h) = m*u(h) + z(h). Is o(4) composite?
True
Let u(w) = w**3 + 6*w**2 + w + 8. Let k = 13 + -19. Let s be u(k). Suppose -s*a + m = -4*a + 1569, -4*m - 807 = -a. Is a a composite number?
False
Suppose 258 = 12*x - 378. Is x a prime number?
True
Let c(n) = -11*n**2 + 5*n + 3. Suppose -3*i = 20 + 1. Let t be c(i). Let m = -278 - t. Is m a prime number?
True
Let c = -93 - -158. Let q = 932 + c. Is q a composite number?
False
Suppose i - 5 = -2. Let o = i - -2. Is (191/o)/((-14)/(-70)) a composite number?
False
Let o(a) = 1485*a + 163. Is o(6) a prime number?
False
Let m = 13913 + -9934. Is m prime?
False
Suppose 64*v - 45*v = 59071. Is v prime?
True
Suppose -19*q + 4865 = -7846. Is q prime?
False
Let t be 2/8 + (-25384)/32. Let f = 1206 + t. Is f composite?
True
Let q(n) = -3*n**3 + 22*n**2 - 16*n + 1. Let j be q(21). Is j/(-10) + 9/(-15) a prime number?
False
Let x be 3/(1 - (-4)/(-16)). Suppose -x*o = 555 + 5177. Let c = -876 - o. Is c a composite number?
False
Let s = 33 + -33. Suppose -5*q + 77 = r, 5*r + 5*q - 321 - 144 = s. Is r a composite number?
False
Suppose -4*h = 2*t - 38694, -4*t + 77388 = -4*h + 8*h. Is t prime?
False
Let i(v) = 43*v**2 - 4*v + 4. Let f be i(3). Suppose 2*r - f = 235. Is r composite?
False
Suppose 0 = -25*x + 267821 + 52004. Is x a composite number?
True
Let h be 33*(22/(-6) + 4). Suppose -6*z - 800 = -h*z. Let v = 351 - z. Is v composite?
False
Suppose 23 = 2*u - 0*y + 5*y, -4*u + 16 = 4*y. Is 2/u + (15 - -84) composite?
False
Let o(i) = i**3 - 12*i**2 - 14*i + 6. Let v be o(13). Let z(w) = -120*w - 5. Is z(v) prime?
False
Let r(s) = -16*s + 2. Let x be r(1). Let k = x - -19. Suppose -5*o = -k*v + 210, -2*v - 2*o + 43 = -45. Is v a composite number?
False
Let o be (-483)/42*(2 + 0). Let w = o + 25. Suppose -2*d + d = 5*c - 1084, w*c - 5*d = 439. Is c prime?
False
Let z = -26 + 30. Suppose z*s = -0*s + 1320. Suppose 4*t - s = 178. Is t a composite number?
False
Let p(f) = 56*f**2 - 4*f + 1. Let d be p(3). Suppose -l + 1 = 5, -5*j - 5*l = 20. Suppose j = 16*z - 17*z + d. Is z a prime number?
False
Let t(x) be the second derivative of -11*x**5/120 - x**4/24 + x**3/3 + 3*x. Let w(l) be the second derivative of t(l). Is w(-6) composite?
True
Let i(v) = 5*v**3 - v**2 - 6*v - 9. Let s be i(6). Suppose 6*f = 1875 + s. Is f a composite number?
False
Let x(j) = j**3 + 18*j**2 - 2*j - 15. Let s be x(-18). Suppose -50 = s*n - 23*n. Is n composite?
True
Let q(n) = n**3 + 3*n**2 - 4*n + 3. Let l be q(2). Let d = l + -17. Is d + (1 - -111*4) composite?
False
Let x = -30817 + 46208. Is x a composite number?
False
Suppose 4*v = -0*v + 244. Let y = -99 - -139. Let g = v - y. Is g prime?
False
Let j(y) be the third derivative of 7*y**5/60 + 5*y**4/24 + 7*y**3/6 - 5*y**2. Suppose 10 = -0*z - 2*z. Is j(z) a prime number?
True
Suppose -5*h = 0, 59*h = t + 54*h - 34583. Is t a composite number?
False
Let c = -1260 + 4181. Is c prime?
False
Let r(m) = 34*m**2 + 2*m + 3. Suppose 4*z + 3*o + 2*o = -18, 3*z - 4*o + 29 = 0. Is r(z) prime?
False
Let m be ((-126)/8)/(11/44). Let r = m + 91. Is 944/r + 8/28 a prime number?
False
Let w = 17752 + -6639. Is w composite?
False
Let p be 1*(14691/15 + 2/(-5)). Suppose 100*y = 101*y - p. Is y a composite number?
True
Let z = 65456 + -44569. Is z a composite number?
False
Let o(v) = -12*v - 20. Let u be o(-5). Is 134199/81 + (u/18 - 2) prime?
True
Let l(k) = -k**3 + 3*k**2 + 3*k - 3. Let f be l(2). Suppose f*i - 166 = 387. Is i a composite number?
False
Suppose 0*d = d - 5*g - 1414, 2*g = -6. Is d a composite number?
False
Let r = -200 - -197. Let b(q) = 34*q**2 + q - 1. Let w(f) = -f**2 + f. Let m(p) = b(p) - 5*w(p). Is m(r) a composite number?
True
Let p(d) be the second derivative of d**5/20 + 23*d**4/12 - d**3/3 + 25*d**2/2 + 24*d. Is p(-11) a composite number?
False
Let y(l) = 1394*l - 113. Is y(5) a prime number?
True
Is (-63396 + -33)*1/(-3) prime?
True
Is (1/(15/(-6)))/((-28)/420490) a prime number?
True
Let t(x) = x**3 - 11*x**2 + 7*x - 8. Let h be t(11). Suppose -y = 2, -2*y + 609 = 2*n - h. Is n composite?
True
Let g = -1678 - -7659. Is g composite?
False
Let y(d) = -1. Let j(h) = 114*h - 1. Let s(c) = -113*c + 1. Let q(x) = -2*j(x) - 3*s(x). Let l(z) = q(z) - 3*y(z). Is l(1) a composite number?
False
Suppose 5*t - 18 = 7. Let p = 785 + -424. Suppose -4*c - 12 = 0, q + p = t*q + c. Is q a prime number?
False
Let b(j) = -j**2 + 8*j - 1. Let h be b(9). Let r(u) = u**2 - 7*u - 9. Is r(h) a composite number?
True
Is (-1)/((6/(-252387))/(34/51)) composite?
True
Let l = 1757 - 856. Is l a prime number?
False
Let b = -116 - -97. Let t(r) = r**3 + 20*r**2 - 11*r + 1. Is t(b) prime?
True
Is (371184/95)/(4/30) - 1 composite?
False
Suppose 0 = -57*z + 62*z - 20. Is (z - 5)*2 - -201 a composite number?
False
Let y(c) = 14*c**3 - 21*c**2 + 4*c + 1. Let n(g) = -9*g**3 + 14*g**2 - 3*g - 1. Let k(j) = -8*n(j) - 5*y(j). Let d = 4 + 0. Is k(d) a prime number?
False
Let o(f) = 60*f - 13. Is o(15) composite?
False
Let a(f) = f**3 - 3*f - 2. Let o be a(3). Let l = o + -20. Let y(v) = -6*v**3 + 2*v**2 + 3. Is y(l) a composite number?
False
Suppose -27*d = -26*d - 13. Let i = 123 + 100. Suppose -4*r + d + i = 0. Is r a composite number?
False
Is (-161030)/(-8) + (1 - 15/20) a prime number?
True
Let g(o) = -180*o + 2. Let z be g(7). Let k = -249 - z. Is k a prime number?
True
Suppose -10*t + 89859 = 5*y - 11*t, -4*y - 5*t = -71864. Is y a composite number?
False
Let m = 5 + -3. Suppose 186 = -4*i - 4*u + 2258, -m*i - 4*u + 1034 = 0. Is i composite?
True
Let o(r) = -r**3 + 7*r**2 - 7*r + 11. Let y be o(6). Let v(d) = -y*d + 0*d + d + 0*d - d**3. Is v(-3) a composite number?
True
Suppose d = 5*j + 21, -2*d + 34 = -j + 10. Suppose d*m = 3*m + 3272. Is m a composite number?
False
Let z(a) = -2*a**2 + 5*a - 17. Let f be z(-8). Let w = f + 342. Is w prime?
True
Let k(m) = 20*m**2 + 25*m - 11. Is k(14) a prime number?
True
Suppose -2*v + b = -50 - 953, 4*v + 4*b = 2000. Is v a composite number?
True
Suppose -2*c = -5*d + 2587, -2 = -d + c + 513. Is d prime?
False
Suppose -5*f = -0*f - 60. Let g be (-1)/(f/8 - 1). Is 7/(g*(-2)/148) prime?
False
Suppose -5*t - 39154 = -3*v, -11*v + 9*v = 3*t - 26071. Is v a composite number?
False
Let x(k) be the third derivative of -k**6/60 - 3*k**5/20 + k**4/6 - 5*k**3/2 - 3*k**2. Let n be x(-8). Suppose -5*z = -n + 106. Is z composite?
False
Suppose 4*w = -f + 7 + 1, 4*w = -2*f + 8. Let u be ((-38)/w)/(0 + -1). Suppose -55 - u = -z. Is z prime?
False
Let v(d) = -119*d - 477. Is v(-29) prime?
False
Suppose 0 = -18*j + 398065 + 252617. Is j a prime number?
False
Let i be (-2 - -1 - 3/(-3)) + 3. Suppose -i*n + 2*p + 47 = 3*p, 3*p + 54 = 4*n. Is n prime?
False
Let i(l) = 3*l**3 - 2*l**3